 3*v + 2. Is p(f) composite?
True
Let l = -21 + 24. Let g be 117/2*4/l. Suppose -4*z + 70 + g = 0. Is z prime?
True
Suppose 0*u + 2104 = 2*m - 5*u, -2*m - 5*u + 2064 = 0. Suppose -4*x + 5*f = -2952, 3*f = -4*x + 4026 - m. Is x a composite number?
False
Suppose -13*l = -9*l + 132. Let w be 2/(6/l)*1. Is 42/18*(-2 - w) a composite number?
True
Let m be (501/6)/((-2)/4). Let p = 930 + m. Suppose -5*r + p = s, 0*s - 5*r + 3735 = 5*s. Is s composite?
False
Is ((-11226)/(-4))/(-1*24/(-16)) prime?
True
Suppose -509 + 99 = -5*g. Suppose 67*k - 72*k = -25. Suppose -3*n - 2*f = -543 - g, 0 = -3*n + k*f + 653. Is n composite?
False
Suppose j + 16 = 33. Suppose j*y = 3*y + 48874. Is y a prime number?
True
Suppose 739 - 127 = 2*d. Let i = -5 + d. Is i a prime number?
False
Let c = -25 + 27. Suppose 0 = 4*m + c*m - 1146. Is m a composite number?
False
Suppose 0 = -h - 3, -a + 0*h + 18175 = -2*h. Is a a prime number?
True
Let q(o) = 2995*o**2 + o - 2. Let y be q(1). Is y/15*(-5)/(-2) composite?
False
Let y(m) = 356*m + 4. Let q be y(6). Suppose -z + q = 3*z. Is z composite?
True
Let q(k) = -k**3 + 9*k**2 + 10*k + 5. Let l be q(10). Suppose 3*n = 6, n - 498 = -4*u + 4*n. Suppose -3*y + 80 = -2*c + 4, -u = -l*y + 4*c. Is y prime?
False
Let a(y) = -y**2 + 19*y - 17. Let g be a(18). Is (g - -2462)*(24/9)/8 a composite number?
False
Let d be 120/(-9)*(-12)/4. Suppose 0 = q - d - 405. Is q prime?
False
Let m(o) = 2*o + o**3 - o**3 + 2 - 3*o**3 - 2*o**3. Let z = 51 + -53. Is m(z) a prime number?
False
Let g = -39 + 44. Suppose g*m + 2*d - 100 - 801 = 0, 5*m = d + 892. Is m a prime number?
True
Suppose -10*n - 28 = -17*n. Suppose n*w = -5*d + 11069, 5*w = -0*d + 3*d - 6634. Is d prime?
True
Let u(k) = -24*k - 11. Let o = -48 + 44. Is u(o) prime?
False
Is (1137/(-15))/(19/(-665)) prime?
False
Let n(o) = -o**2 - 5*o + 10. Let r be -3*(-22)/(-6) - -4. Let s be n(r). Let b(l) = -29*l + 11. Is b(s) a prime number?
True
Is 10 + (10 - -11785) + -8 prime?
False
Let k be ((-28)/(-98))/(1/7). Suppose 5*u - 1053 = -2*h - k*h, 2*h = 4. Is u a prime number?
False
Let k be ((-55)/15 + 1)/((-1)/(-3)). Let x(g) = -2*g**3 - 5*g**2 + 10*g + 17. Is x(k) prime?
True
Let g(a) = -a**3 + 5*a**2 - 5*a - 5. Let t be g(-4). Let c = t + -108. Let v = 104 - c. Is v composite?
False
Suppose 0 = 3*l + 3 + 6. Let d = 1 - l. Suppose d*w + 2*x = 154, x + 2*x = -2*w + 83. Is w a prime number?
True
Let w(a) = 6*a + 33. Let m be w(-5). Is (-784)/(-21) + m/(-9) composite?
False
Let b = 82 + -44. Let i = b + -28. Let c = 75 + i. Is c prime?
False
Let z(d) = 28*d + 65. Is z(15) prime?
False
Let j(d) = -d + 16. Let f = 6 - 3. Suppose -n - 3*n = -f*i + 34, 4 = -n. Is j(i) prime?
False
Suppose 0 = -5*j + 7*j - 538. Let s = j - -158. Is s a prime number?
False
Suppose 9*h = 8*h + 503. Is h prime?
True
Is 2/(14/(-49)) - (-24460)/2 composite?
True
Let p(j) = 3*j + 5. Let f be p(0). Suppose 3*b + 2*q = -2*b + 3337, -f*b + 3*q = -3332. Is b a prime number?
False
Suppose 3*b - 16983 = 2*x, x - 22646 = -4*b + 3*x. Is b a prime number?
False
Suppose 2*y - 117 = -2*y - w, -4*w = -3*y + 83. Suppose 4*i - y = 863. Is i prime?
True
Let y(s) = -s**3 - 10*s**2 - 30*s + 8. Is y(-15) a composite number?
False
Suppose -2*v = 1 + 9, 4*m - 5*v = 1501. Let k(p) = -7*p - 42. Let c be k(-5). Is (-2)/c + m/7 a composite number?
False
Let r(k) = k**2 - 2*k + 2. Let q be r(0). Suppose 1 = l, -2*l + l = -q*p + 27. Is p composite?
True
Is (-56)/(-84)*1/2*5217 prime?
False
Suppose 0 = -3*u - 721 - 1922. Let r be (-3)/(-5 + (-2503)/(-500)). Let o = r - u. Is o composite?
True
Let c be 2/(-8) - (-10)/(200/(-142755)). Let w = -4635 - c. Is w a prime number?
True
Is (-5)/4 + 19/((-760)/(-405850)) composite?
True
Suppose 4*z - 43163 = 66153. Is z composite?
False
Let v = 108 + -105. Suppose -2*c + 5*c = s - 28, s + v*c - 46 = 0. Is s a prime number?
True
Suppose 192*a - 181*a + 594 = 0. Let i(l) = -3*l**3 + 2*l**2 - 2*l + 3. Let y be i(2). Let r = y - a. Is r prime?
True
Suppose 13*n = 6*n + 29365. Is n composite?
True
Suppose -120*i = -121*i + 22. Suppose 10*m - i*m = -7620. Is m composite?
True
Let b = 25959 + -8488. Is b composite?
False
Let q be ((-32)/(-6))/((-6)/(-18)). Suppose -w + q = 12. Is w/(-6)*300/(-8) a prime number?
False
Let r(j) = -j**3 + 6*j**2 + 3. Let l be r(6). Let s be ((-4)/4)/((-1)/l). Suppose -58 = -2*h - 3*w + 27, -3*h = -s*w - 90. Is h prime?
False
Let n(l) = 3*l**2 - 46*l - 211. Is n(-20) composite?
True
Let f = -4333 + 7584. Is f a composite number?
False
Let s = -144 - -148. Let v(m) = 341*m - 3. Is v(s) a prime number?
True
Is (29994/(-4))/((-57)/38) a prime number?
True
Suppose -3*a = 0, -i = 3*i - 3*a - 13052. Is i a prime number?
False
Let p be (-280)/68 - 2/(-17). Let j be (0 + p)/(-2) - -1. Suppose 2466 = 3*z + j*z. Is z a composite number?
True
Let y(t) = 462*t + 1. Is y(14) composite?
False
Let l = 284 - 506. Let x = l + 891. Is x prime?
False
Let a(t) = t**3 + 25*t**2 + 31*t - 18. Let p(y) = 2*y**3 + 25*y**2 + 30*y - 19. Let j(f) = 3*a(f) - 2*p(f). Is j(23) composite?
False
Suppose 0 = s + 317 - 1716. Is s a composite number?
False
Let t(x) = 99*x + 1 + 6 - 2. Is t(4) a composite number?
False
Suppose 0 = 5*p - 4574 - 2691. Suppose -3*g + p + 89 = 0. Let l = g + -323. Is l prime?
True
Suppose -645 - 911 = -4*y. Is y composite?
False
Suppose -4*r = -7*r + 9. Suppose 140 = -3*y + r*s + 2123, 3*s = -5*y + 3313. Is y a composite number?
True
Let k(r) = -r**2 - 17*r + 19. Let c(a) = -a**2 - 17*a + 19. Let g(z) = -4*c(z) + 5*k(z). Is g(-16) prime?
False
Let a(u) = -2*u + 26. Let v be a(11). Suppose 3*n + 17434 = v*x, 4*x = n + 20771 - 3341. Is x a composite number?
False
Let c(o) = 712*o**2 + 6*o - 5. Is c(6) prime?
False
Let b = 162 - 5. Is b composite?
False
Suppose -5*y + 3 = -4*y. Let w(l) = 2*l**3 + l**2 - l + 5. Is w(y) composite?
True
Let a(y) be the third derivative of -y**6/90 - 7*y**5/120 + y**4/4 + 4*y**2. Let j(t) be the second derivative of a(t). Is j(-5) prime?
False
Let a(i) = -11*i - 17 + 14*i + 13*i + 9*i. Let h be a(5). Suppose 0 = 4*t + k - 147, 3*k = -2*t - t + h. Is t a composite number?
False
Suppose -19*g + 293969 = -6*g. Is g prime?
True
Suppose 5*y + 0*h = -5*h + 2565, -h - 1029 = -2*y. Suppose y = 21*g - 19*g. Is g composite?
False
Let q(g) = g - 2. Let u be q(4). Let w = u - -11. Let v = w + 0. Is v a prime number?
True
Let z = -28 + 19. Let a(d) = 2*d**2 - 13*d + 19. Is a(z) a prime number?
False
Suppose -4*s - 1184 - 110 = -2*m, s + 1288 = 2*m. Let y = -164 + m. Is y prime?
True
Is (1/(-2))/(135435/16930 - 8) prime?
True
Let t = -557 - -811. Let v be 5/(-20)*t*-2. Let i = -56 + v. Is i a composite number?
False
Suppose -3*x = 6*x + 27. Is x + (713 - 2/2) composite?
False
Let b = 20750 + -10957. Is b prime?
False
Let j be 0/2 - (-15)/3. Suppose -j*x = -20, 4*n - 168 = -5*x + 240. Is n a prime number?
True
Suppose -r = 3*p - 50, 5*p - 43 = -r + 15. Suppose 2*y = -0*y - 4*c + 24, 5*y - c = r. Suppose 9*o = y*o + 307. Is o composite?
False
Suppose 4 = -4*f, 0 = -3*p - 2*f + 482 + 2654. Is p*(-3 + 4) + -3 composite?
True
Let z(g) be the second derivative of -g**5/20 + g**4/6 + 185*g**2/2 + 2*g - 294. Suppose 0 = -2*j - 0*j. Is z(j) composite?
True
Let y = 18246 + 15605. Is y composite?
False
Is (4111/(-2)*(8 + -4))/(-2) a prime number?
True
Suppose -4*w + 2*w = -10. Suppose -3293 - 2187 = -w*f - 5*l, -5*f - l + 5492 = 0. Is f prime?
False
Suppose 5*x + 29 = -2*h, 8 + 7 = -3*x. Is (-1)/h + (-17793)/(-18) composite?
True
Suppose p + g = 4*g + 14, 5*p + 4*g + 6 = 0. Suppose 0 = 4*k - 3*a - 4556, p*a + a - 3417 = -3*k. Is k composite?
True
Let n = 752 - 445. Is n a prime number?
True
Let v be 12/9*(-4)/(-8)*6. Suppose v*y - 1039 = 21. Is y a prime number?
False
Suppose -12*p = -13*p - 1579. Let q = p + 2280. Is q prime?
True
Suppose -108 + 2327 = -7*q. Let k = q + 658. Is k a composite number?
True
Let u(p) = p**2 - 3*p - 6. Let a be u(5). Let w be 2 - (-46 + a/2). Let y = 3 + w. Is y prime?
False
Let v = 17876 + -12621. Is v composite?
True
Let o be 170/40 + 2/(-8). Suppose -4*d + 299 = 3*p, o*p + 3*d - 455 = -61. Is p composite?
False
Let j = 47780 + -26427. Is j prime?
False
Is 83601*(-10)/(-30) - (-2 - -3) a prime number?
False
Let d be 1*(-3)/(-1)*1. Suppose d*l + 79 = -17. Let